divided by (3 + -2)/(-1 - 350/(-343)).
44
Suppose 5*x - 24 = 3*x. What is the remainder when (56/(-42))/((-1)/x) is divided by 3?
1
Suppose 0 = 2*k - 5 - 5. Suppose 4*u = 20, -3*d = d - k*u - 155. What is the remainder when d is divided by 16?
13
Let s(f) = 89*f**2 + f. Let p be s(-1). Let w = p - 56. Calculate the remainder when w is divided by 7.
4
Let m(j) = -2*j + 38. Let u be m(18). Suppose -2*i + u*v + 99 = -13, i + 4*v = 31. Suppose -3*g + i + 9 = 0. What is the remainder when 59 is divided by g?
19
Suppose -3*g = 2*g - 100. What is the remainder when g is divided by (-2)/19 - ((-402)/1)/(1881/66)?
6
Suppose -f - 1 = 0, 0 = -3*s - 5*f + 14 - 4. Suppose s*g + 3*r - 2*r - 57 = 0, -2*r = 6. Suppose 2*c + 138 = 5*c. What is the remainder when c is divided by g?
10
Calculate the remainder when (-3 + (-18)/(-4))/(17/1802) is divided by 41.
36
Let g(t) = 12*t**2 + 6*t + 64. Calculate the remainder when g(-5) is divided by 56.
54
Suppose x + 8 = -2*x + o, -13 = -2*x - 3*o. What is the remainder when 65 + (3 + x)*1/(-2) is divided by 22?
20
Suppose 322 = 24*j - 17*j. What is the remainder when 89 is divided by j?
43
Let j(u) = u**2 + 24*u + 172. Suppose 4*q = z - 11, 2*q + 3*q = 2*z - 25. What is the remainder when j(-16) is divided by z?
14
Let q = 22 + 63. Suppose 5*v + 0*v - q = 0. Calculate the remainder when 58 is divided by v.
7
Let q(x) = 4*x**3 - 3*x**2 + 3*x - 6. Suppose 0 = 13*f - 11*f - 4. Suppose -5*h + 71 = -4*b, h - 1 = -b + 6. Calculate the remainder when q(f) is divided by h.
9
Suppose 0*u = -u + 22. Calculate the remainder when u is divided by (175 + -180)*((-6)/5 + 0).
4
Suppose -6756 - 6444 = -50*t. Calculate the remainder when t is divided by 128.
8
Suppose -27*y + 28*y = 239. Let h = y + -114. Calculate the remainder when h is divided by 32.
29
Let t(a) be the third derivative of -1/12*a**4 - 4*a**2 + 3/20*a**6 + 1/6*a**3 + 0*a + 0*a**5 + 0. What is the remainder when 66 is divided by t(1)?
15
Suppose 5*w = -2*k + 2 + 2, 0 = -3*w - 4*k + 8. Suppose w = 4*g - 43 - 149. Let n = -12 + g. Calculate the remainder when n is divided by 20.
16
Suppose 5*z = -42 + 77. Calculate the remainder when 27 is divided by z.
6
Let q be (63/(-3))/(-5 + (-52)/(-8)). Let u(g) = -6*g - 32. Calculate the remainder when u(q) is divided by 11.
8
Suppose -260*z + 123 = -259*z. What is the remainder when z is divided by 7?
4
Suppose -3*u = -5*n - 34 - 22, 2*u + 5*n = 4. Calculate the remainder when 47 is divided by u.
11
Let m = 0 + 2. Suppose -m*r - 6 = 0, 4*r - 27 + 3 = -4*b. What is the remainder when 35 is divided by b/(-3*4/(-12))?
8
Let a = -25 + 47. Suppose 0 = 2*j + 108 + a. What is the remainder when 67 is divided by (-226)/(-10) - 26/j?
21
Let f = 6 - 9. Suppose 9*k = 4*k + 15, i = 5*k + 2. What is the remainder when i is divided by f*1/2*-4?
5
Suppose 24 - 10 = 2*f. What is the remainder when f is divided by -18 + 7 + 9 - 2*-2?
1
Suppose 3*d - 68 = -0*s - 2*s, -s + 40 = 3*d. What is the remainder when 41 is divided by s?
13
Let x(d) = d**3 + 4*d**2 - 4*d - 2. Suppose -5*r = -g + 16, -3*r - g = -2*g + 8. Let b be x(r). Let w = b + -9. Calculate the remainder when w is divided by 3.
2
Let n(b) = -b**3 + 27*b + 4. Suppose 5*w + 2*m = 75, -4*m + 60 = 4*w - 0*w. What is the remainder when n(-6) is divided by w?
13
What is the remainder when 217 is divided by 7/(7/(-3)) - -47?
41
Suppose -109*q = -43*q - 462. Let k = -3 + 7. Calculate the remainder when q is divided by k.
3
Suppose 0 = 5*n + 4*a - 503, 4*n + 3*a - 364 - 38 = 0. What is the remainder when n is divided by 33?
0
Suppose -101 + 349 = 31*c. Calculate the remainder when 30 is divided by c.
6
Suppose -6*c = -4*c. Suppose 5*x + 0*x - 165 = c. Calculate the remainder when x is divided by 438*7/182 - (-2)/13.
16
Let b(o) = -6*o + 1. Let v be (-1)/((-2)/(-10)) - 1. Let r = v + 16. Calculate the remainder when b(-3) is divided by r.
9
Suppose 0 = 623*s - 615*s - 48. What is the remainder when 1509 is divided by s?
3
Let p = 25 + 5. Suppose 0 = -5*y - z + 145 - 37, -3*z = y - p. Calculate the remainder when 40 is divided by y.
19
Suppose -2*k - 7360 = -48*k. Calculate the remainder when k is divided by 56.
48
Suppose -166 - 1064 = -6*v. Calculate the remainder when v is divided by 42.
37
Let r(v) = v**3 + 9*v**2 + 7*v - 4. Let g be r(-8). Suppose 3*y + 46 = -3*q + 319, 0 = 5*y + g*q - 452. What is the remainder when y is divided by 18?
16
Let w = 3304 - 2297. Calculate the remainder when w is divided by 28.
27
Let z(l) = -l + l**2 - 2 + 8 + 7*l. Calculate the remainder when z(5) is divided by 14 - -1 - (24 + -25).
13
Let s(x) = -x + 8. Let m be s(-8). Let y(g) = g**2 - 3*g + 8. Calculate the remainder when 548/m + (-2)/8 is divided by y(4).
10
Suppose -53400 = 28*d - 128*d. Calculate the remainder when d is divided by 176.
6
Suppose 28 = 5*u - 92. What is the remainder when u is divided by 55 + -52 + (2 - -1) - 3?
0
Let u(r) = r**2 - 4*r + 5. Let h(n) = n**2 - 5*n + 6. Let t(a) = -5*h(a) + 6*u(a). Let l(g) = -9*g + 619. Calculate the remainder when t(5) is divided by l(67).
14
Let s be -6 - (1 - 2) - 1. Calculate the remainder when 1/s + 157/6 is divided by 14.
12
Suppose 0 = 6*h - 2*h - 268. Suppose -4*o = -3*o - 14. Calculate the remainder when h is divided by o.
11
Let b(w) = 14*w - 15. Let v(p) = -p**2 + p. Let s(n) = -b(n) + v(n). What is the remainder when s(-12) is divided by 15?
12
Let d(g) = -11*g**3 - g**2 + 1. Let r(v) = v**2 - 4*v + 2. Let w = 9 - 6. Let z be r(w). What is the remainder when 20 is divided by d(z)?
9
Suppose -5*k + 8 = -2. Let t be k/1 - (-4 - -7). What is the remainder when 47 is divided by ((-36)/45)/(t/15)?
11
Let s be 119/11 - (1 + 52/(-44)). Suppose -s*t + 36 = -151. What is the remainder when 84 is divided by t?
16
Calculate the remainder when 89 is divided by 13 + 4 - 8/(-1).
14
Let x = 892 + -874. What is the remainder when 305 is divided by x?
17
Let i(p) = 15*p + 75. Calculate the remainder when 296 is divided by i(-4).
11
Suppose 4*j + 4*y = 144, 6*y - 7*y + 5 = 0. What is the remainder when 154 is divided by j?
30
Suppose 2*g - 351 = -5*r + 37, 5*g + 239 = 3*r. What is the remainder when r is divided by 3/((2/1)/18)?
24
Suppose 4*k + 0*a = -5*a + 359, 0 = 3*k - 2*a - 275. Suppose -g - 3*l = 3*g - 367, k = g + l. Calculate the remainder when g is divided by 24.
22
Suppose 0 = 4*s, -7*j + 4*j - 2*s = -222. What is the remainder when j is divided by 15?
14
Let o(h) = -h**3 - 39*h**2 - 74*h + 34. Calculate the remainder when 87 is divided by o(-37).
19
Let g = -83 - -140. Let q = 38 - 26. What is the remainder when g is divided by (-295)/(-20) + 3/q?
12
Let f(z) = 16*z**2 - 46. What is the remainder when f(-8) is divided by 20?
18
Let b = 329 - 89. Suppose 198 + 232 = 5*l. What is the remainder when l is divided by b/11 - 2/(-11)?
20
Suppose 0 = k + 23*j - 27*j - 15, 0 = 3*k + 3*j - 120. Calculate the remainder when 68 is divided by k.
33
Suppose -2*k + 65 = 9. Let q = k - -2. Suppose 3*a = -a + 32. What is the remainder when q is divided by a?
6
Suppose 2*n + 2*n = 152. Let g = -40 - -44. Suppose 3*h = g*p - 68, -3*p - 3*h = -86 + 14. Calculate the remainder when n is divided by p.
18
Let r(y) = -5*y**3 - 3*y - 1. Let m = 0 + -33. Let z = 31 + m. Calculate the remainder when r(z) is divided by 8.
5
Let k(h) = -h**3 - 9*h**2 + 15*h + 5. Suppose 4*z = -245 + 329. Calculate the remainder when k(-11) is divided by z.
19
Let q = 172 - 148. Calculate the remainder when 91 is divided by q.
19
Let s(i) = -i**3 + 12*i**2 + 2*i + 14. Suppose -13*o + 10*o + 39 = 0. Calculate the remainder when s(12) is divided by o.
12
Let c(m) = m + 15. Let u be c(-7). Suppose g - u*g = 0. What is the remainder when (-1)/(5/(-275)) + g is divided by 14?
13
Let p = 407 + -309. What is the remainder when p is divided by 29?
11
Suppose 3*v = 4*v. Let m(z) = -z**3 + z + 24. Suppose 0 = -3*c - 2*c + 65. What is the remainder when m(v) is divided by c?
11
Suppose 3*y + 64 = 2*j - 11, -2*y = 2*j - 60. Let i = j + -15. Suppose -5*c = b - 6*c - 2, 0 = -4*b + 2*c + 14. What is the remainder when i is divided by b?
3
Let g be (36/3)/(3/(-3)). Let f = -35 - g. Let c = 28 + f. Calculate the remainder when 8 is divided by c.
3
Suppose 9 = 4*n + 5. Suppose 0 = 8*t + 6*t - 14. What is the rema